 + -50 + (39 - 4)
6
What is 1 + (6 - (6 - -3)) + 48 + -26?
20
Evaluate -13 - (-4 + 12 + -5 - 15).
-1
11 - ((-13 - -5 - -2) + 14)
3
Calculate -8 - (-1 + 17) - (-4 - (8 + -4)).
-16
What is the value of (24 - 17) + (4 - -2)?
13
Evaluate 0 + 4 + 6 + -18.
-8
What is 22 - 22 - (3 - (-7 + 4)) - -21?
15
Evaluate (-9 - -19) + -17 + 0.
-7
-1 + 0 + 6 - (-57 + (51 - -8))
3
What is the value of -1 + 12 + (-6 - -4 - (6 + -10))?
13
10 + -7 - 2 - (-9 + 4)
6
What is the value of (-6 - -15 - 10 - -7) + -21?
-15
-4 + -1 + 4 + -2 + -29 + 0
-32
Calculate (-39 + 3 - (-4 + (0 - 4))) + 9.
-19
What is 243 + -245 + 15 + 1?
14
What is the value of -11 + (3 - -3) + (5 - 16)?
-16
What is the value of -14 - (7 + -16) - (-4 + 16)?
-17
Evaluate 6 + 12 + -11 - 14.
-7
What is the value of 3 + 6 + 3 + -10 - (-4 - 1)?
7
-19 - -3 - (-1 + (1 - 0) + 0)
-16
What is (9 - (4 - 8)) + -5?
8
What is (7 + -5 + -1 - -19) + (-50 - -51)?
21
Calculate -4 + (-3 - -35) + -3 + (-5 - -3).
23
6 - ((32 - 32) + 1 + 3 + 2)
0
What is the value of 24 - 4 - (1 + -4 + 0)?
23
Calculate (-3 - -1 - (-8 + 7)) + -5 + 5.
-1
What is the value of 1 + 3 + (-25 - (13 - 48))?
14
Calculate (49 - 48 - ((-1 - -1) + 3)) + 9.
7
(-13 - -16) + -10 + -4 + 1 + -1
-11
Calculate (-23 - -15) + 10 - 8.
-6
Calculate -2 + 39 + -47 + 10 + 2.
2
Calculate (5 - (10 + -10)) + 8 - 5.
8
What is 1 - -4 - 1 - (-40 - -22 - -13)?
9
What is 7 + 3 + 3 + -3 + -3 + 2?
9
Calculate -3 - ((-8 + 18 - 9) + -10).
6
What is -2 + (11 - 0) + (-100 - -97)?
6
Calculate (-9 - 3 - (-44 + 38)) + -1 + -1.
-8
-13 + -5 + (11 + -6 - -9)
-4
Calculate 9 - (-2 + 4 + -18).
25
(-2 + -1 - -2) + 7 - (-40 - -42)
4
9 - (10 + 3 + 12) - -34
18
Calculate -4 + (8 - 2) + 85 + -94.
-7
Calculate -3 + 22 - (16 - (34 + -5) - -8).
24
Calculate 8 - (-2 - (3 + -6)).
7
Calculate -23 + (-3 - -1) + (-35 - -37) - -11.
-12
Calculate (-1 - -9 - 1) + (-25 - -12).
-6
What is the value of 4 + -5 + 5 - 2 - 8?
-6
What is 62 + -76 + (7 - 2 - 3) + 4?
-8
What is -33 - (-15 + 0 + (3 - 3))?
-18
Calculate 2 - (5 - (2 + 10 - 8)).
1
-6 - -1 - (25 + (-15 - -2))
-17
0 - (3 + 2 + 13 + -8)
-10
What is -99 + 110 + (4 - (-2 + 3)) + -21?
-7
Calculate 316 + -307 + -10 + (0 - 0).
-1
Calculate (14 - 2) + (-16 - -9) + -5 + 3.
3
Evaluate -6 + 0 + 0 + (-6 - -11 - 2).
-3
What is 5 - (-3 - (-12 - 1))?
-5
(5 - 12) + 6 - -1 - 3
-3
Evaluate -1274 - -1233 - (-12 + -1).
-28
Calculate -2 + (12 - 7 - (13 - (-2 - -1))).
-11
-10 - (6 + 2 + -18) - (-5 + 2)
3
What is the value of 35 + 5 + -19 + -3?
18
10 - (-36 - -46 - -18)
-18
What is 4 - (1 + 1 + -9 + 12)?
-1
Calculate 23 - (-1 - (-19 - 5)).
0
(1 - -6) + 6 + -11 - (-9 - -12)
-1
What is the value of -1 + 5 + (-3 - -1) + 2 - -5?
9
Calculate (-4 - 3 - -3) + -5 + 26.
17
Evaluate -34 + (-16 - (17 - (-11 + 58))).
-20
What is ((4 - 20) + 5 - 3 - -4) + -3?
-13
Calculate 2 + (-18 - -18) - (3 - 11) - -17.
27
What is 26 + -48 - (-19 - -10)?
-13
Evaluate -5 + 21 - (-1 + (-8 - -13)).
12
Calculate -8 - (-29 + 30 + -35).
26
-17 + 1 + -7 + 10
-13
Calculate -132 - -107 - (-16 + 2).
-11
What is -9 + (18 - 1 - 8 - 2)?
-2
Evaluate 1 + 7 - (91 - 77).
-6
7 + -15 + -4 + -13 + 22
-3
What is -9 + 0 - (-3 + 3 - -7)?
-16
213 + -205 + 2 + -8 + -1 + 6
7
What is the value of -5 - (6 + -15 - -10)?
-6
5 + -8 - -26 - 1 - (2 + 3)
17
Calculate (-16 + 13 - 11) + 12 + (-22 - 1).
-25
9 - (-2 + -4 - (-13 + 5))
7
-11 + 24 + 8 + -7
14
Evaluate 35 - (-18 + (56 - -23)).
-26
12 + ((-12 - 6) + -5 - -9)
-2
What is the value of -7 - (-12 - -4 - -15 - 33 - -2)?
17
Evaluate 1 + 1 + 18 + (0 - (8 + -6)).
18
What is the value of -2 - (24 - (-6 + 18))?
-14
What is the value of 0 + -4 + -5 - -7?
-2
Calculate (29 - 53) + 0 + 33 + (-1 - -29).
37
What is (1 + -7 - -38) + -2 + -10?
20
What is -3 + (10 - 10 - -22)?
19
Calculate 11 + 2 + (40 - 88 - -41).
6
-1 + 32 + -33 + (5 - -1)
4
What is -3 + 2 - 1 - (4 + -15 + 5)?
4
What is 22 + -14 - (-6 + 19)?
-5
What is the value of 6 + -9 - -7 - 27 - (-29 + 25)?
-19
Evaluate -19 + -16 + 74 - 35.
4
What is the value of (-19 - -13) + (-3 - -6)?
-3
1 + -3 - (0 - (31 - 10))
19
Calculate -22 - (-5 - (-27 - -49)).
5
11 + 4 + -7 - (6 - -32)
-30
What is -27 - -30 - (-3 - -8)?
-2
Evaluate 18 + (-10 + 1 + 3 - -9 - 8).
13
Evaluate 4 + (-8 + (18 - (12 - 7)) - 8).
1
-16 + 1 + 2 + -341 + 326
-28
What is the value of (-20 - (22 - 19)) + 37?
14
What is the value of 263 + -271 - (1 + -3 + 4)?
-10
What is the value of -42 - (49 - 93) - (-30 - (-1 + 1))?
32
Evaluate 5 + (-15 - (3 - 13)) - (0 + 18).
-18
(47 - 19) + -14 - (-1 - -4)
11
Calculate 7 - (18 - (8 - (-6 + 7))) - -7.
3
What is (13 - (-6 - -9) - -3) + -2?
11
Evaluate 7 - (6 + -21 + 11).
11
What is the value of 5 + -11 + (-5 + 5 - (0 + 3))?
-9
Calculate 1 - -1 - (118 - 110) - (-1 + 27).
-32
Evaluate 0 - -4 - (-31 + 52).
-17
11 - (-2 - (19 - 18))
14
Calculate -11 - -1 - (-29 + 1) - 8.
10
Calculate -18 - -1 - ((48 - 97) + 53).
-21
Calculate (-20 - -42) + -13 + -13 + -1.
-5
What is the value of 3 + (3 - 4) - (-5 + (-7 - -30))?
-16
What is the value of (5 - -1) + (22 - -8) + -16?
20
0 + (6 + -23 - -6) + 8
-3
Evaluate -16 + -14 + -16 + 39.
-7
What is -14 + 28 + -20 + 11?
5
What is the value of -1 + (6 - 1) + (-5 + 2 - -6)?
7
What is the value of 4 + (18 + -11 + 5 - 8)?
8
What is the value of -20 + 4 + 58 + -26?
16
Evaluate 33 + (-7 + -48 - 9).
-31
Evaluate 2 - (-1 + -6 + 38 + -19).
-10
-12 - (17 + -56 + 24)
3
Calculate -2 + -10 + 5 + 11 + -12.
-8
Calculate 21 + -27 - -15 - (-18 + 3).
24
What is (-18 - 1) + -17 + (-19 - -16) + 14?
-25
What is (-115 - -84) + 33 - (-25 - (1 - 2))?
26
Evaluate (25 - 31) + (-4 - -8) + (5 - 1).
2
What is -7 - (21 + -12) - ((-3 - 3) + 0)?
-10
What is the value of 1 + 8 + 15 + -14 + -11?
-1
What is the value of -13 + 4 + (0 - -8) - -16?
15
Evaluate -5 + (-2 - 2) + 1 + 4.
-4
Evaluate (13 - (5 + -2 - 9)) + 2 + -10.
11
What is (12 - 17) + 2 + 5 + -8?
-6
Calculate 0 + -2 - (26 + -37 + 21).
-12
Calculate (8 - 3 - -13) + -23.
-5
Calculate -23 + 6 - 0 - -25.
8
Evaluate -35 + 35 + 0 + 1 - -6.
7
10 + 10 - 3 - (1 - -1) - 1
14
What is the value of (6 - (-4 - -6)) + (-22 - -4)?
-14
What is the value of (-2 - -33) + -9 + 0 - 5?
17
What is the value of 1 + 16 - (122 + -86)?
-19
What is 7 - (-5 - (-1 - 0)) - 11?
0
What is -1 + -9 - (375 + -359)?
-26
What is the value of 0 + (-2 - (13 - 23)) + -1?
7
Evaluate -2 + -2 - ((-7 - (-1 - 10)) + -8).
0
Calculate 9 + 2 + -4 + -17.
-10
Calculate (11 + (-5 - -3) - (2 + 29)) + 10.
-12
What is 2 - 2 - (-21 - (-28 + 15)) - -1?
9
Evaluate -10 - (6 + -4) - -13 - (7 + -2).
-4
Evaluate 9 + -5 - (32 + -41).
13
What is (13 - 15 - -5) + -9?
-6
Evaluate 2 + 1 + 8 + 0 + -11 + 5.
5
What is the value of (-26 - -16) + 39 + 4?
33
Calculate -10 + 0 + (23 + (-7 - -31) - -1).
38
Calculate -23 + -8 + 37 + -6.
0
What is the value of (-7 - 10) + (-10 - -25) - (1 - 17)?
14
What is the value of -4 - ((0 - (-10 - -7)) + (15 - -1))?
-23
What is the value of -1 - (3 + 3 - 6)?
-1
What is (41 - 25) + -25 - (-7 - 1 - -1)?
-2
What is -26 + (25 - -3) + -25 + 0 + -1?
-24
What is (107 - 118) + (-4 - (1 - (5 + 7)))?
-4
Calculate (2 - (1 + 6)) + 5 + -1 + -1.
-2
What is the value of (-4 + -2 - -3) + 56 + -48?
5
Evaluate 3 + (-10 - -1) + -6 + 0 + -2.
-14
Calculate 7 + (11 - 3) + -24 + (-3 - -3).
-9
Evaluate -2 - ((0 + -2 - (-5 + 3)) + -13).
11
What is the value of -30 + (11 - (5 - (12 + -6)))?
-18
Calculate -1 + -6 + 10 - (6 + 1).
-4
Calculate 1 + (-25 - (4 - (10 + -7 - -10))).
-15
Evaluate -29 + (0 - -1) - (67 + -73).
-22
1 + (3 - -11) + -4 + 4
15
What is the value of 24 - (24 + (33 - 21))?
-12
-4 - ((4 - 29) + 17 + -3)
7
Evaluate 2 + -2 + -6 - (-3 - 17).
14
-2 - ((-2 - 1) + -7 - -9)
-1
What is 1 - ((-2 - (4 + -21)) + -3)?
-11
(31 - -34) + -47 - (0 - -13)
5
Calculate 0 + (-11 - -1) - (-12 + (52 - 59)).
9
Calculate -20 - -28 - 0 - -5.
13
Calculate -14 + (-9 - -29 - 22).
-16
Calculate -48 + (10 - -2) - (-5 + -6 + 1).
-26
Evaluate (-12 - (-13 - -13)) + 13.
1
Evaluate -9 + 2 - (18 + -28).
3
(-2 - -10) + -92 + 102
18
Calculate -11 + 2 + 126 + -124.
-7
Calculate 8 + -3 - (1 + 29 + -2).
-23
Calculate 49 + -52 + (-12 + 16 - (-1 - -1)).
1
Calculate 35 + -1 + (20 - (10 - -5) - 7).
32
Calculate -12 + (-10 - (-32 + 8 - 15)).
17
-7 + 5 + 6 + -7 + -7
-10
Evaluate (-4 - (7 + 2 + -6)) + -14 + 13.
-8
Calculate (-3 + 11 - 0 - 3) + -92 + 95.
8
What is the value 